{"id":203,"date":"2015-05-25T12:55:10","date_gmt":"2015-05-25T12:55:10","guid":{"rendered":"http:\/\/localhost\/wordpress\/renovate\/?page_id=203"},"modified":"2024-02-14T16:48:45","modified_gmt":"2024-02-14T16:48:45","slug":"about","status":"publish","type":"page","link":"https:\/\/ekarchitect.be\/tr\/about\/","title":{"rendered":"HAKKIMDA"},"content":{"rendered":"<div class=\"wpb-content-wrapper\"><div class=\"vc_row wpb_row vc_row-fluid margin-top-70\"><div class=\"wpb_column vc_column_container vc_col-sm-6 vc_custom_1695299093334\"><div class=\"wpb_wrapper\">\n\t<div  class=\"wpb_single_image wpb_content_element vc_align_center wpb_content_element\">\n\t\t\n\t\t<figure class=\"wpb_wrapper vc_figure\">\n\t\t\t<div class=\"vc_single_image-wrapper vc_box_circle  vc_box_border_grey\"><img loading=\"lazy\" decoding=\"async\" width=\"1304\" height=\"1304\" src=\"https:\/\/ekarchitect.be\/wp-content\/uploads\/2024\/02\/Ezgi_Kocyigit.jpeg\" class=\"vc_single_image-img attachment-full\" alt=\"\" title=\"Ezgi_Kocyigit\" srcset=\"https:\/\/ekarchitect.be\/wp-content\/uploads\/2024\/02\/Ezgi_Kocyigit.jpeg 1304w, https:\/\/ekarchitect.be\/wp-content\/uploads\/2024\/02\/Ezgi_Kocyigit-300x300.jpeg 300w, https:\/\/ekarchitect.be\/wp-content\/uploads\/2024\/02\/Ezgi_Kocyigit-1024x1024.jpeg 1024w, https:\/\/ekarchitect.be\/wp-content\/uploads\/2024\/02\/Ezgi_Kocyigit-150x150.jpeg 150w, https:\/\/ekarchitect.be\/wp-content\/uploads\/2024\/02\/Ezgi_Kocyigit-768x768.jpeg 768w, https:\/\/ekarchitect.be\/wp-content\/uploads\/2024\/02\/Ezgi_Kocyigit-12x12.jpeg 12w, https:\/\/ekarchitect.be\/wp-content\/uploads\/2024\/02\/Ezgi_Kocyigit-480x480.jpeg 480w, https:\/\/ekarchitect.be\/wp-content\/uploads\/2024\/02\/Ezgi_Kocyigit-90x90.jpeg 90w, https:\/\/ekarchitect.be\/wp-content\/uploads\/2024\/02\/Ezgi_Kocyigit-500x500.jpeg 500w, https:\/\/ekarchitect.be\/wp-content\/uploads\/2024\/02\/Ezgi_Kocyigit-800x800.jpeg 800w\" \/><\/div>\n\t\t<\/figure>\n\t<\/div>\n<\/div><\/div><div class=\"wpb_column vc_column_container vc_col-sm-6\"><div class=\"wpb_wrapper\"><h2 class=\"box-header align-left\">Mimar-M\u00fchendis Ezgi Ko\u00e7yi\u011fit<\/h2>\n\t<div class=\"wpb_text_column wpb_content_element\" >\n\t\t<div class=\"wpb_wrapper\">\n\t\t\t<p>1991 y\u0131l\u0131nda T\u00fcrkiye'de do\u011fan sanat\u00e7\u0131n\u0131n e\u011fitim yolculu\u011fu Amerika Birle\u015fik Devletleri'ndeki Ball State \u00dcniversitesi'nde ba\u015flad\u0131 ve lisans e\u011fitimi s\u0131ras\u0131nda Almanya'daki Kassel \u00dcniversitesi'ndeki \u00e7al\u0131\u015fmalar\u0131 ile e\u011fitimi zenginle\u015fti.<\/p>\n<p>\u00d6\u011frencilik y\u0131llar\u0131nda profesyonel d\u00fcnyaya ad\u0131m att\u0131. Pasif ev sistemleri ve g\u00fcne\u015f enerjisi gibi konulara olan ilgisi kariyerinin \u015fekillenmesinde \u00f6nemli rol oynad\u0131. Daha sonra Bel\u00e7ika'daki ULB ve VUB \u00fcniversitelerinin ortak fak\u00fcltesi olan Bruface'te Mimarl\u0131k M\u00fchendisli\u011fi alan\u0131nda y\u00fcksek lisans yapma f\u0131rsat\u0131n\u0131 yakalad\u0131. Bu s\u00fcre\u00e7 onun bilgilerini derinle\u015ftirmesinin yan\u0131 s\u0131ra Bel\u00e7ika'daki profesyonel yolculu\u011funun da ba\u015flang\u0131c\u0131 oldu.<\/p>\n<p>\u015eu anda \u00e7e\u015fitli alanlarda \u00e7al\u0131\u015farak ufkunu geni\u015fletiyor. M\u00fcstakil evlerden ofislere, \u00e7ocuk bak\u0131m merkezlerinden apartman dairelerine kadar \u00e7e\u015fitli projelerde yer al\u0131yor. Her proje onun i\u00e7in yeni bir maceray\u0131 ve \u00f6\u011frenme f\u0131rsat\u0131n\u0131 temsil ediyor. Gelecekte kendi alan\u0131nda daha fazla inovasyon ve s\u00fcrd\u00fcr\u00fclebilirlik odakl\u0131 projelere katk\u0131da bulunmay\u0131 hedefliyor.<\/p>\n<p>Profesyonel u\u011fra\u015flar\u0131n\u0131n yan\u0131 s\u0131ra, d\u00fcnya \u00e7ap\u0131nda \u00e7e\u015fitli ekipler ve ortaklarla i\u015fbirli\u011fi yapma yetene\u011fini zenginle\u015ftiren T\u00fcrk\u00e7e, \u0130ngilizce ve Hollandaca'y\u0131 ak\u0131c\u0131 bir \u015fekilde konu\u015fmaktad\u0131r.<\/p>\n<p>Kariyeri boyunca edindi\u011fi deneyim ve bilgi birikimi onu her ge\u00e7en g\u00fcn geli\u015fime ve yenili\u011fe do\u011fru itmektedir. Tutkuyla \u00e7al\u0131\u015fmaya ve \u015fevkle \u00f6\u011frenmeye devam ediyor. Sizinle daha fazla proje payla\u015fmay\u0131 sab\u0131rs\u0131zl\u0131kla bekliyor!<\/p>\n\n\t\t<\/div>\n\t<\/div>\n<\/div><\/div><\/div>\n<\/div>","protected":false},"excerpt":{"rendered":"Architect engineer Ezgi Kocyigit Born in Turkey in 1991, her educational journey began at Ball State University in the United States, and during her undergraduate studies, her education was enriched with studies at Kassel University in Germany. She had entered the professional world during her student years. Her interest in topics like passive house systems","protected":false},"author":1,"featured_media":0,"parent":0,"menu_order":0,"comment_status":"open","ping_status":"open","template":"","meta":{"footnotes":""},"class_list":["post-203","page","type-page","status-publish","hentry"],"yoast_head":"<!-- This site is optimized with the Yoast SEO plugin v27.4 - https:\/\/yoast.com\/product\/yoast-seo-wordpress\/ -->\n<title>ABOUT ME - EK Architect<\/title>\n<meta name=\"robots\" content=\"index, follow, max-snippet:-1, max-image-preview:large, max-video-preview:-1\" \/>\n<link rel=\"canonical\" href=\"https:\/\/ekarchitect.be\/tr\/about\/\" \/>\n<meta property=\"og:locale\" content=\"tr_TR\" \/>\n<meta property=\"og:type\" content=\"article\" \/>\n<meta property=\"og:title\" content=\"ABOUT ME - EK Architect\" \/>\n<meta property=\"og:url\" content=\"https:\/\/ekarchitect.be\/tr\/about\/\" \/>\n<meta property=\"og:site_name\" content=\"EK Architect\" \/>\n<meta property=\"article:modified_time\" content=\"2024-02-14T16:48:45+00:00\" \/>\n<meta name=\"twitter:card\" content=\"summary_large_image\" \/>\n<meta name=\"twitter:label1\" content=\"Tahmini okuma s\u00fcresi\" \/>\n\t<meta name=\"twitter:data1\" content=\"2 dakika\" \/>\n<script type=\"application\/ld+json\" class=\"yoast-schema-graph\">{\"@context\":\"https:\\\/\\\/schema.org\",\"@graph\":[{\"@type\":\"WebPage\",\"@id\":\"https:\\\/\\\/ekarchitect.be\\\/about\\\/\",\"url\":\"https:\\\/\\\/ekarchitect.be\\\/about\\\/\",\"name\":\"ABOUT ME - EK Architect\",\"isPartOf\":{\"@id\":\"https:\\\/\\\/ekarchitect.be\\\/#website\"},\"datePublished\":\"2015-05-25T12:55:10+00:00\",\"dateModified\":\"2024-02-14T16:48:45+00:00\",\"breadcrumb\":{\"@id\":\"https:\\\/\\\/ekarchitect.be\\\/about\\\/#breadcrumb\"},\"inLanguage\":\"tr\",\"potentialAction\":[{\"@type\":\"ReadAction\",\"target\":[\"https:\\\/\\\/ekarchitect.be\\\/about\\\/\"]}]},{\"@type\":\"BreadcrumbList\",\"@id\":\"https:\\\/\\\/ekarchitect.be\\\/about\\\/#breadcrumb\",\"itemListElement\":[{\"@type\":\"ListItem\",\"position\":1,\"name\":\"Home\",\"item\":\"https:\\\/\\\/ekarchitect.be\\\/\"},{\"@type\":\"ListItem\",\"position\":2,\"name\":\"ABOUT ME\"}]},{\"@type\":\"WebSite\",\"@id\":\"https:\\\/\\\/ekarchitect.be\\\/#website\",\"url\":\"https:\\\/\\\/ekarchitect.be\\\/\",\"name\":\"EK Architect\",\"description\":\"Belgium - Renovation Projects - New Build Project - Office -  Custom Made Kitchen Cabinets - Apartement\",\"publisher\":{\"@id\":\"https:\\\/\\\/ekarchitect.be\\\/#\\\/schema\\\/person\\\/f97ed2a867bd9f99c119a9f13012c432\"},\"potentialAction\":[{\"@type\":\"SearchAction\",\"target\":{\"@type\":\"EntryPoint\",\"urlTemplate\":\"https:\\\/\\\/ekarchitect.be\\\/?s={search_term_string}\"},\"query-input\":{\"@type\":\"PropertyValueSpecification\",\"valueRequired\":true,\"valueName\":\"search_term_string\"}}],\"inLanguage\":\"tr\"},{\"@type\":[\"Person\",\"Organization\"],\"@id\":\"https:\\\/\\\/ekarchitect.be\\\/#\\\/schema\\\/person\\\/f97ed2a867bd9f99c119a9f13012c432\",\"name\":\"admin\",\"image\":{\"@type\":\"ImageObject\",\"inLanguage\":\"tr\",\"@id\":\"https:\\\/\\\/ekarchitect.be\\\/wp-content\\\/uploads\\\/2023\\\/08\\\/LOGO.jpg\",\"url\":\"https:\\\/\\\/ekarchitect.be\\\/wp-content\\\/uploads\\\/2023\\\/08\\\/LOGO.jpg\",\"contentUrl\":\"https:\\\/\\\/ekarchitect.be\\\/wp-content\\\/uploads\\\/2023\\\/08\\\/LOGO.jpg\",\"width\":1128,\"height\":1137,\"caption\":\"admin\"},\"logo\":{\"@id\":\"https:\\\/\\\/ekarchitect.be\\\/wp-content\\\/uploads\\\/2023\\\/08\\\/LOGO.jpg\"},\"sameAs\":[\"https:\\\/\\\/ekarchitect.be\"]}]}<\/script>\n<!-- \/ Yoast SEO plugin. -->","yoast_head_json":{"title":"ABOUT ME - EK Architect","robots":{"index":"index","follow":"follow","max-snippet":"max-snippet:-1","max-image-preview":"max-image-preview:large","max-video-preview":"max-video-preview:-1"},"canonical":"https:\/\/ekarchitect.be\/tr\/about\/","og_locale":"tr_TR","og_type":"article","og_title":"ABOUT ME - EK Architect","og_url":"https:\/\/ekarchitect.be\/tr\/about\/","og_site_name":"EK Architect","article_modified_time":"2024-02-14T16:48:45+00:00","twitter_card":"summary_large_image","twitter_misc":{"Tahmini okuma s\u00fcresi":"2 dakika"},"schema":{"@context":"https:\/\/schema.org","@graph":[{"@type":"WebPage","@id":"https:\/\/ekarchitect.be\/about\/","url":"https:\/\/ekarchitect.be\/about\/","name":"ABOUT ME - EK Architect","isPartOf":{"@id":"https:\/\/ekarchitect.be\/#website"},"datePublished":"2015-05-25T12:55:10+00:00","dateModified":"2024-02-14T16:48:45+00:00","breadcrumb":{"@id":"https:\/\/ekarchitect.be\/about\/#breadcrumb"},"inLanguage":"tr","potentialAction":[{"@type":"ReadAction","target":["https:\/\/ekarchitect.be\/about\/"]}]},{"@type":"BreadcrumbList","@id":"https:\/\/ekarchitect.be\/about\/#breadcrumb","itemListElement":[{"@type":"ListItem","position":1,"name":"Home","item":"https:\/\/ekarchitect.be\/"},{"@type":"ListItem","position":2,"name":"ABOUT ME"}]},{"@type":"WebSite","@id":"https:\/\/ekarchitect.be\/#website","url":"https:\/\/ekarchitect.be\/","name":"EK Architect","description":"Belgium - Renovation Projects - New Build Project - Office -  Custom Made Kitchen Cabinets - Apartement","publisher":{"@id":"https:\/\/ekarchitect.be\/#\/schema\/person\/f97ed2a867bd9f99c119a9f13012c432"},"potentialAction":[{"@type":"SearchAction","target":{"@type":"EntryPoint","urlTemplate":"https:\/\/ekarchitect.be\/?s={search_term_string}"},"query-input":{"@type":"PropertyValueSpecification","valueRequired":true,"valueName":"search_term_string"}}],"inLanguage":"tr"},{"@type":["Person","Organization"],"@id":"https:\/\/ekarchitect.be\/#\/schema\/person\/f97ed2a867bd9f99c119a9f13012c432","name":"admin","image":{"@type":"ImageObject","inLanguage":"tr","@id":"https:\/\/ekarchitect.be\/wp-content\/uploads\/2023\/08\/LOGO.jpg","url":"https:\/\/ekarchitect.be\/wp-content\/uploads\/2023\/08\/LOGO.jpg","contentUrl":"https:\/\/ekarchitect.be\/wp-content\/uploads\/2023\/08\/LOGO.jpg","width":1128,"height":1137,"caption":"admin"},"logo":{"@id":"https:\/\/ekarchitect.be\/wp-content\/uploads\/2023\/08\/LOGO.jpg"},"sameAs":["https:\/\/ekarchitect.be"]}]}},"jetpack_sharing_enabled":true,"_links":{"self":[{"href":"https:\/\/ekarchitect.be\/tr\/wp-json\/wp\/v2\/pages\/203","targetHints":{"allow":["GET"]}}],"collection":[{"href":"https:\/\/ekarchitect.be\/tr\/wp-json\/wp\/v2\/pages"}],"about":[{"href":"https:\/\/ekarchitect.be\/tr\/wp-json\/wp\/v2\/types\/page"}],"author":[{"embeddable":true,"href":"https:\/\/ekarchitect.be\/tr\/wp-json\/wp\/v2\/users\/1"}],"replies":[{"embeddable":true,"href":"https:\/\/ekarchitect.be\/tr\/wp-json\/wp\/v2\/comments?post=203"}],"version-history":[{"count":17,"href":"https:\/\/ekarchitect.be\/tr\/wp-json\/wp\/v2\/pages\/203\/revisions"}],"predecessor-version":[{"id":2248,"href":"https:\/\/ekarchitect.be\/tr\/wp-json\/wp\/v2\/pages\/203\/revisions\/2248"}],"wp:attachment":[{"href":"https:\/\/ekarchitect.be\/tr\/wp-json\/wp\/v2\/media?parent=203"}],"curies":[{"name":"wp","href":"https:\/\/api.w.org\/{rel}","templated":true}]}}

<div class="wpb-content-wrapper"><div class="vc_row wpb_row vc_row-fluid margin-top-70"><div class="wpb_column vc_column_container vc_col-sm-6 vc_custom_1695299093334"><div class="wpb_wrapper">
	<div  class="wpb_single_image wpb_content_element vc_align_center wpb_content_element">
		
		<figure class="wpb_wrapper vc_figure">
			<div class="vc_single_image-wrapper vc_box_circle  vc_box_border_grey"><img loading="lazy" decoding="async" width="1304" height="1304" src="https://ekarchitect.be/wp-content/uploads/2024/02/Ezgi_Kocyigit.jpeg" class="vc_single_image-img attachment-full" alt="" title="Ezgi_Kocyigit" srcset="https://ekarchitect.be/wp-content/uploads/2024/02/Ezgi_Kocyigit.jpeg 1304w, https://ekarchitect.be/wp-content/uploads/2024/02/Ezgi_Kocyigit-300x300.jpeg 300w, https://ekarchitect.be/wp-content/uploads/2024/02/Ezgi_Kocyigit-1024x1024.jpeg 1024w, https://ekarchitect.be/wp-content/uploads/2024/02/Ezgi_Kocyigit-150x150.jpeg 150w, https://ekarchitect.be/wp-content/uploads/2024/02/Ezgi_Kocyigit-768x768.jpeg 768w, https://ekarchitect.be/wp-content/uploads/2024/02/Ezgi_Kocyigit-12x12.jpeg 12w, https://ekarchitect.be/wp-content/uploads/2024/02/Ezgi_Kocyigit-480x480.jpeg 480w, https://ekarchitect.be/wp-content/uploads/2024/02/Ezgi_Kocyigit-90x90.jpeg 90w, https://ekarchitect.be/wp-content/uploads/2024/02/Ezgi_Kocyigit-500x500.jpeg 500w, https://ekarchitect.be/wp-content/uploads/2024/02/Ezgi_Kocyigit-800x800.jpeg 800w" /></div>
		</figure>
	</div>
</div></div><div class="wpb_column vc_column_container vc_col-sm-6"><div class="wpb_wrapper"><h2 class="box-header align-left">Mimar-Mühendis Ezgi Koçyiğit</h2>
	<div class="wpb_text_column wpb_content_element" >
		<div class="wpb_wrapper">
			<p>1991 yılında Türkiye'de doğan sanatçının eğitim yolculuğu Amerika Birleşik Devletleri'ndeki Ball State Üniversitesi'nde başladı ve lisans eğitimi sırasında Almanya'daki Kassel Üniversitesi'ndeki çalışmaları ile eğitimi zenginleşti.</p>
<p>Öğrencilik yıllarında profesyonel dünyaya adım attı. Pasif ev sistemleri ve güneş enerjisi gibi konulara olan ilgisi kariyerinin şekillenmesinde önemli rol oynadı. Daha sonra Belçika'daki ULB ve VUB üniversitelerinin ortak fakültesi olan Bruface'te Mimarlık Mühendisliği alanında yüksek lisans yapma fırsatını yakaladı. Bu süreç onun bilgilerini derinleştirmesinin yanı sıra Belçika'daki profesyonel yolculuğunun da başlangıcı oldu.</p>
<p>Şu anda çeşitli alanlarda çalışarak ufkunu genişletiyor. Müstakil evlerden ofislere, çocuk bakım merkezlerinden apartman dairelerine kadar çeşitli projelerde yer alıyor. Her proje onun için yeni bir macerayı ve öğrenme fırsatını temsil ediyor. Gelecekte kendi alanında daha fazla inovasyon ve sürdürülebilirlik odaklı projelere katkıda bulunmayı hedefliyor.</p>
<p>Profesyonel uğraşlarının yanı sıra, dünya çapında çeşitli ekipler ve ortaklarla işbirliği yapma yeteneğini zenginleştiren Türkçe, İngilizce ve Hollandaca'yı akıcı bir şekilde konuşmaktadır.</p>
<p>Kariyeri boyunca edindiği deneyim ve bilgi birikimi onu her geçen gün gelişime ve yeniliğe doğru itmektedir. Tutkuyla çalışmaya ve şevkle öğrenmeye devam ediyor. Sizinle daha fazla proje paylaşmayı sabırsızlıkla bekliyor!</p>

		</div>
	</div>
</div></div></div>
</div>

<!-- This site is optimized with the Yoast SEO plugin v27.4 - https://yoast.com/product/yoast-seo-wordpress/ -->
<title>ABOUT ME - EK Architect</title>
<meta name="robots" content="index, follow, max-snippet:-1, max-image-preview:large, max-video-preview:-1" />
<link rel="canonical" href="https://ekarchitect.be/tr/about/" />
<meta property="og:locale" content="tr_TR" />
<meta property="og:type" content="article" />
<meta property="og:title" content="ABOUT ME - EK Architect" />
<meta property="og:url" content="https://ekarchitect.be/tr/about/" />
<meta property="og:site_name" content="EK Architect" />
<meta property="article:modified_time" content="2024-02-14T16:48:45+00:00" />
<meta name="twitter:card" content="summary_large_image" />
<meta name="twitter:label1" content="Tahmini okuma süresi" />
	<meta name="twitter:data1" content="2 dakika" />
<script type="application/ld+json" class="yoast-schema-graph">{"@context":"https:\/\/schema.org","@graph":[{"@type":"WebPage","@id":"https:\/\/ekarchitect.be\/about\/","url":"https:\/\/ekarchitect.be\/about\/","name":"ABOUT ME - EK Architect","isPartOf":{"@id":"https:\/\/ekarchitect.be\/#website"},"datePublished":"2015-05-25T12:55:10+00:00","dateModified":"2024-02-14T16:48:45+00:00","breadcrumb":{"@id":"https:\/\/ekarchitect.be\/about\/#breadcrumb"},"inLanguage":"tr","potentialAction":[{"@type":"ReadAction","target":["https:\/\/ekarchitect.be\/about\/"]}]},{"@type":"BreadcrumbList","@id":"https:\/\/ekarchitect.be\/about\/#breadcrumb","itemListElement":[{"@type":"ListItem","position":1,"name":"Home","item":"https:\/\/ekarchitect.be\/"},{"@type":"ListItem","position":2,"name":"ABOUT ME"}]},{"@type":"WebSite","@id":"https:\/\/ekarchitect.be\/#website","url":"https:\/\/ekarchitect.be\/","name":"EK Architect","description":"Belgium - Renovation Projects - New Build Project - Office -  Custom Made Kitchen Cabinets - Apartement","publisher":{"@id":"https:\/\/ekarchitect.be\/#\/schema\/person\/f97ed2a867bd9f99c119a9f13012c432"},"potentialAction":[{"@type":"SearchAction","target":{"@type":"EntryPoint","urlTemplate":"https:\/\/ekarchitect.be\/?s={search_term_string}"},"query-input":{"@type":"PropertyValueSpecification","valueRequired":true,"valueName":"search_term_string"}}],"inLanguage":"tr"},{"@type":["Person","Organization"],"@id":"https:\/\/ekarchitect.be\/#\/schema\/person\/f97ed2a867bd9f99c119a9f13012c432","name":"admin","image":{"@type":"ImageObject","inLanguage":"tr","@id":"https:\/\/ekarchitect.be\/wp-content\/uploads\/2023\/08\/LOGO.jpg","url":"https:\/\/ekarchitect.be\/wp-content\/uploads\/2023\/08\/LOGO.jpg","contentUrl":"https:\/\/ekarchitect.be\/wp-content\/uploads\/2023\/08\/LOGO.jpg","width":1128,"height":1137,"caption":"admin"},"logo":{"@id":"https:\/\/ekarchitect.be\/wp-content\/uploads\/2023\/08\/LOGO.jpg"},"sameAs":["https:\/\/ekarchitect.be"]}]}</script>
<!-- / Yoast SEO plugin. -->
